. Give x(186).
32
Let z(d) = 47*d + 340. Determine z(5).
575
Let o(u) = -25*u**2 - 267*u + 91. What is o(-11)?
3
Let p(g) = -g**3 - 12*g**2 + 98*g + 1164. Determine p(-11).
-35
Let z(u) = -8*u**2 + 69*u - 1. What is z(11)?
-210
Let w(k) = 32*k - 85. Calculate w(6).
107
Let w(d) = 1452*d + 11603. What is w(-8)?
-13
Let a(q) = -q**2 + 61*q + 1547. What is a(80)?
27
Let r(i) = -23*i**2 - 2523*i + 749. Determine r(-110).
-21
Let c(o) = 3*o**2 + 6*o + 2. Calculate c(2).
26
Let z(b) = 647*b + 78286. Calculate z(-121).
-1
Let g(l) = 3*l - 192. Calculate g(-19).
-249
Let f(g) = -281*g + 1974. Determine f(7).
7
Let s(p) = 2*p**3 + 23*p**2 - 6*p + 79. Give s(-12).
7
Let s(i) = -23*i**3 + 34*i**2 - 13*i - 1. Give s(1).
-3
Let m(y) = -2*y**2 + 46*y - 172. Calculate m(18).
8
Let c(v) = v**2 - 651*v + 26711. Give c(44).
3
Let h(w) = -13*w + 598. Give h(46).
0
Let f(j) = -3*j**2 + 6*j + 29. What is f(-4)?
-43
Let k(p) = -2*p**2 + 55*p - 44. Calculate k(26).
34
Let a(h) = -68*h + 704. Determine a(15).
-316
Let a(h) = h**2 + 85*h - 2325. Calculate a(22).
29
Let i(t) = -t**3 + t**2 + 54*t - 9. Give i(7).
75
Let i(f) = -13937*f + 27874. Calculate i(2).
0
Let t(j) = 6*j - 108. What is t(-18)?
-216
Let x(d) = 10*d + 374. Calculate x(-34).
34
Let i(p) = -p**3 - 15*p**2 + 7*p + 104. Calculate i(-15).
-1
Let k(x) = -2*x**2 + 78*x + 135. Calculate k(41).
-29
Let a(q) = 220*q - 3082. Determine a(14).
-2
Let o(m) = m**3 - 18*m**2 + 60*m + 57. Calculate o(13).
-8
Let a(g) = g**3 + 15*g**2 - 16*g + 4. What is a(-16)?
4
Let h(u) = -2*u**3 + 48*u**2 + 34*u - 122. Give h(25).
-522
Let f(q) = -q**2 - 264*q - 1805. Give f(-7).
-6
Let j(g) = g**3 + 31*g**2 - 177*g - 1139. Give j(-35).
156
Let v(r) = -r**2 + 32*r + 98. Give v(37).
-87
Let s(c) = -c**3 + 19*c**2 + 41*c + 79. Determine s(21).
58
Let h(k) = -2169*k - 8665. What is h(-4)?
11
Let s(l) = 2*l**2 - 193*l + 1113. Determine s(6).
27
Let p(m) = -61*m + 7112. Determine p(118).
-86
Let r(w) = 13*w**2 - 120*w + 263. What is r(6)?
11
Let f(a) = 3*a**2 - 453*a + 7175. Calculate f(133).
-7
Let x(u) = -222*u - 229. Calculate x(-1).
-7
Let m(q) = q**3 + 9*q**2 + 107*q - 647. Calculate m(6).
535
Let n(m) = -5*m**2 - 83*m - 44. Determine n(-16).
4
Let v(n) = -n**3 - 14*n**2 + 49*n - 21. Calculate v(-17).
13
Let f(w) = w**2 + 853*w - 7752. What is f(9)?
6
Let b(c) = 202*c + 552. Determine b(-3).
-54
Let k(p) = -5782*p + 28912. Calculate k(5).
2
Let o(m) = -4*m**3 + 23*m**2 + 106*m - 491. Calculate o(7).
6
Let b(u) = 131*u + 282. Give b(-2).
20
Let b(n) = n**3 + 8*n**2 + 14*n + 82. Determine b(-8).
-30
Let b(r) = r**3 - 57*r**2 + 155*r + 354. What is b(54)?
-24
Let q(k) = -k**3 + 143*k**2 + 586*k - 9. Calculate q(-4).
-1
Let a(x) = 2*x**3 + 35*x**2 - 104*x - 1547. Give a(-18).
1
Let c(p) = 21*p**2 - 39*p + 124. Determine c(4).
304
Let b(w) = -30*w**3 - 271*w**2 + 38*w + 392. Calculate b(-9).
-31
Let g(a) = a**3 + 39*a**2 - 5*a - 213. Calculate g(-39).
-18
Let f(k) = 21*k**2 - 34*k + 7. Determine f(2).
23
Let t(p) = 10*p**2 - 4*p - 89. Give t(0).
-89
Let o(q) = q**3 + 16*q**2 + 59*q + 6. Determine o(-6).
12
Let d(h) = 105*h - 462. Give d(5).
63
Let f(n) = 8*n**3 + 4*n**2 + 4*n - 5. Calculate f(-2).
-61
Let l(d) = 135*d - 939. Give l(7).
6
Let l(x) = -x**3 - 20*x**2 - 53*x + 90. What is l(-16)?
-86
Let a(b) = 62*b**3 - 3*b**2 + 3*b + 1. Determine a(1).
63
Let h(m) = -34*m**2. Give h(-2).
-136
Let m(v) = -410*v + 19. What is m(0)?
19
Let h(z) = -z**3 - 14*z**2 + 25*z - 113. Give h(-16).
-1
Let s(w) = 1252*w + 1260. What is s(-1)?
8
Let i(r) = 4*r**3 + 65*r**2 - 42*r - 154. What is i(-17)?
-307
Let s(b) = b**2 - 94*b - 298. Give s(97).
-7
Let i(o) = -13*o**2 - 12*o + 29. Determine i(-4).
-131
Let w(x) = 15*x**2 - 21*x - 97. Give w(8).
695
Let c(y) = 4*y**3 - y**2 - 19*y - 2. Determine c(4).
162
Let x(p) = p**3 + 4*p**2 - 481*p - 961. Calculate x(-2).
9
Let r(s) = 152*s + 7140. Calculate r(-47).
-4
Let g(z) = -876*z + 95472. Calculate g(109).
-12
Let o(i) = -i**3 + 101*i**2 + 205*i + 102. What is o(103)?
-1
Let o(q) = -3*q**2 - 15*q + 8. Give o(-4).
20
Let y(a) = 4*a**3 + 19*a**2 + 23*a - 7. Give y(-3).
-13
Let z(y) = -23*y**2 - 4045*y - 3501. What is z(-175)?
-1
Let m(d) = d**3 - 29*d**2 - d - 2. Determine m(29).
-31
Let u(y) = 2*y**3 + 23*y**2 + 69*y. What is u(-4)?
-36
Let b(y) = -180*y + 3596. Determine b(20).
-4
Let v(r) = 2*r**2 + 53500*r + 106994. Give v(-2).
2
Let l(q) = -402*q + 4402. Calculate l(11).
-20
Let f(n) = -3*n**2 - 92*n + 121. Determine f(-32).
-7
Let p(q) = -q**3 + 6*q**2 - 20*q + 7. Determine p(4).
-41
Let g(v) = -2*v**3 - 30*v**2 - 30*v - 49. Calculate g(-15).
401
Let w(d) = 173*d**3 - d**2 + 30*d - 29. Give w(1).
173
Let d(l) = -l**2 - 21*l + 534. Give d(-36).
-6
Let c(h) = 3*h**2 + 39*h + 15. What is c(-9)?
-93
Let f(m) = m**3 - 44*m**2 + 85*m - 23. What is f(42)?
19
Let j(k) = -k**2 - 80*k + 396. Determine j(5).
-29
Let s(w) = 112*w**2 + 99*w - 14. What is s(-1)?
-1
Let v(k) = k**2 - k - 1098. Determine v(-32).
-42
Let b(f) = 8*f**2 - 88*f - 257. Calculate b(-3).
79
Let r(i) = -4*i**2 + 1771*i + 10730. Give r(-6).
-40
Let w(s) = -2*s**3 - 66*s**2 - 532*s + 126. Give w(-15).
6
Let s(j) = -132*j + 90. Determine s(3).
-306
Let p(s) = 5110*s + 122651. Calculate p(-24).
11
Let k(h) = -h**3 - 32*h**2 - 7*h - 207. What is k(-32)?
17
Let h(w) = 2*w**2 - 21*w - 37. Determine h(11).
-26
Let z(l) = 2*l**2 + 158*l + 608. Calculate z(-4).
8
Let m(a) = 3*a**3 + 75*a**2 - 239*a + 371. Calculate m(-28).
7
Let w(n) = -n**2 - 193*n - 7972. Determine w(-59).
-66
Let l(k) = 2*k - 80. Determine l(20).
-40
Let v(t) = -473*t - 14690. Determine v(-31).
-27
Let h(p) = -55*p + 81. What is h(4)?
-139
Let m(b) = 3*b**2 + 90*b + 163. What is m(-28)?
-5
Let d(y) = -3*y**3 + 5*y**2 - 5*y. Determine d(3).
-51
Let p(g) = -36*g + 299. Determine p(5).
119
Let f(k) = 3*k**2 + 582*k - 4287. Give f(-201).
-66
Let p(c) = c**3 - 25*c**2 - 330*c - 699. Calculate p(35).
1
Let y(b) = 6*b**2 - 181*b + 42. Give y(30).
12
Let h(c) = 7*c**2 + 108*c + 389. Calculate h(-6).
-7
Let t(v) = v**2 + 96*v + 1831. Give t(-26).
11
Let g(h) = -145*h + 4995. Calculate g(34).
65
Let f(q) = -2*q**2 + 18*q - 105. Determine f(5).
-65
Let c(a) = -19*a**2 + 2595*a - 1488. What is c(136)?
8
Let g(o) = -o**3 - 111*o**2 + 113*o + 99. What is g(-112)?
-13
Let z(v) = 6*v**3 - 175*v**2 + 26*v + 88. Determine z(29).
1
Let z(a) = 5*a**2 - 89*a - 23. What is z(6)?
-377
Let t(p) = 12*p**2 + 102*p + 63. Give t(-7).
-63
Let c(r) = -10*r**2 - 219*r + 33. Calculate c(-22).
11
Let g(m) = 4*m**3 - 9*m**2 + 6*m - 2. Calculate g(4).
134
Let u(a) = 2*a**3 + 77*a**2 - 34*a - 43. Calculate u(-39).
-238
Let p(n) = n**2 + 75*n + 802. Determine p(-13).
-4
Let a(x) = x**3 - 39*x**2 - 47*x + 129. Determine a(40).
-151
Let g(u) = -u**3 - 48*u**2 + 95*u - 323. Give g(-50).
-73
Let i(c) = -242*c**3 - 2*c + 2. Determine i(1).
-242
Let l(o) = 15*o - 56. Determine l(10).
94
Let x(d) = 13*d**2 - 383*d - 3627. Give x(37).
-1
Let w(a) = 92*a - 131. Calculate w(3).
145
Let u(o) = -558*o + 25089. Determine u(45).
-21
Let u(r) = 14*r**2 - 339*r + 85. What is u(24)?
13
Let i(v) = 49*v**2 - 2*v - 21. Calculate i(0).
-21
Let y(u) = -4*u**3 - 56*u**2 - 19*u - 1. Calculate y(-13).
-430
Let j(k) = 3*k**3 - 107*k**2 + 75*k - 80. Calculate j(35).
95
Let m(z) = 19*z + 180. Determine m(-9).
9
Let f(i) = -194*i - 368. Calculate f(-2).
20
Let b(a) = -a**2 - 3*a + 238. Give b(-18).
-32
Let v(s) = -3*s**2 + 37*s + 51. What is v(18)?
-255
Let j(f) = -3*f - 116. What is j(-39)?
1
Let k(p) = -1020*p + 276415. Give k(271).
-5
Let v(w) = -w**2 - 45*w - 560. Calculate v(-39).
-326
Let x(j) = j**3 - 6*j**2 + 4*j + 71. Give x(-5).
-224
Let h(c) = -c**3 - 9*c**2 - 4*c - 144. Calculate h(-10).
-4
Let f(o) = -o**2 + 27*o - 122. Determine f(22).
-12
Let p(a) = -a**3 + 8*a**2 + 1381*a - 9709. Determine p(7).
7
Let w(o) = o**3 - 8*o**2 + 190. Determine w(0).
190
Let r(b) = -64*b + 6645. Determine r(104).
-11
Let t(k) = -k**3 + 9*k**2 - 79*k - 334. Calculate t(-3).
11
Let v(n) = 867*n - 827. Give v(1).
40
Let u(v) = -v**3 - 2*v**2 - 18*v - 37. Determine u(-2).
-1
Let f(z) = -z**2 + 34*z + 245. Determine f(44).
-195
Let r(a) = a**3 - a**2 - 25*a + 7. What is r(0)?
7
Let i(m) = 1519*m + 9099. What is i(-6)?
-15
Let h(g) = g**3 - 10*g**2 + 9